1
List the prime factors of 3277681072.
2, 269, 761543
List the prime factors of 247256228.
2, 17, 313, 11617
What are the prime factors of 3863440693?
7, 313, 1763323
What are the prime factors of 41156911?
41156911
List the prime factors of 317908341.
3, 1741, 6763
What are the prime factors of 63874013?
7, 23, 396733
What are the prime factors of 54415925?
5, 2176637
List the prime factors of 110949165.
3, 5, 2465537
List the prime factors of 27053362.
2, 7, 73, 103, 257
List the prime factors of 35114246.
2, 17557123
What are the prime factors of 2157192167?
13, 37, 53, 2287
List the prime factors of 3227432722.
2, 1613716361
What are the prime factors of 506394869?
83, 1723, 3541
What are the prime factors of 1843473236?
2, 11, 3808829
List the prime factors of 5910950876.
2, 10957, 134867
What are the prime factors of 4971827172?
2, 3, 13, 31870687
What are the prime factors of 663598191?
3, 221199397
List the prime factors of 2579932076.
2, 644983019
List the prime factors of 35947338.
2, 3, 7, 855889
List the prime factors of 513905458.
2, 11, 59, 395921
What are the prime factors of 925618242?
2, 3, 3877, 39791
List the prime factors of 510043063.
510043063
List the prime factors of 1345296145.
5, 269059229
What are the prime factors of 3124379347?
3124379347
What are the prime factors of 5344303331?
163, 32787137
What are the prime factors of 138715019?
17, 311, 26237
List the prime factors of 3492146417.
3492146417
What are the prime factors of 57310611?
3, 1213, 15749
What are the prime factors of 4888004826?
2, 3, 8009, 101719
List the prime factors of 133416320.
2, 5, 208463
List the prime factors of 107603112.
2, 3, 983, 4561
What are the prime factors of 144324940?
2, 5, 7216247
List the prime factors of 124224009.
3, 7, 13, 455033
What are the prime factors of 98428668?
2, 3, 13, 29, 21757
What are the prime factors of 9023404?
2, 13, 19, 9133
List the prime factors of 206182412.
2, 51545603
List the prime factors of 1066955294.
2, 163, 3272869
What are the prime factors of 525610222?
2, 53, 4958587
List the prime factors of 601543207.
601543207
List the prime factors of 235045041.
3, 7, 11, 233, 397
What are the prime factors of 3217021328?
2, 19, 839, 12613
List the prime factors of 7892820.
2, 3, 5, 13, 3373
What are the prime factors of 164631271?
7, 47, 311, 1609
What are the prime factors of 333377453?
10691, 31183
List the prime factors of 99905253.
3, 7, 4757393
List the prime factors of 20436862.
2, 10218431
List the prime factors of 388519680.
2, 3, 5, 23, 53, 83
What are the prime factors of 78890843?
78890843
List the prime factors of 335324967.
3, 111774989
What are the prime factors of 2368140548?
2, 43, 113, 121843
List the prime factors of 44743467.
3, 79, 188791
List the prime factors of 90416752.
2, 37, 163, 937
What are the prime factors of 387640166?
2, 19, 499, 20443
What are the prime factors of 55763072?
2, 435649
List the prime factors of 81486046.
2, 2003, 20341
What are the prime factors of 3273167?
191, 17137
List the prime factors of 507441281.
47, 10796623
List the prime factors of 529612972.
2, 7, 2702107
What are the prime factors of 26683057?
251, 106307
List the prime factors of 804883389.
3, 268294463
What are the prime factors of 1735655000?
2, 5, 347131
What are the prime factors of 188603848?
2, 17, 43, 32251
What are the prime factors of 4610267374?
2, 19387, 118901
List the prime factors of 271187467.
37, 433, 16927
List the prime factors of 239713026.
2, 3, 7, 5707453
What are the prime factors of 2181350?
2, 5, 43627
What are the prime factors of 56199650?
2, 5, 13, 86461
List the prime factors of 1238741533.
17, 137, 531877
What are the prime factors of 747094461?
3, 17, 659, 22229
What are the prime factors of 3147261742?
2, 1573630871
List the prime factors of 74572098.
2, 3, 17, 491, 1489
List the prime factors of 117305432.
2, 347, 42257
What are the prime factors of 415329808?
2, 773, 33581
List the prime factors of 1259895168.
2, 3, 7, 19, 2741
What are the prime factors of 58090991?
7, 73, 79, 1439
What are the prime factors of 43644472?
2, 109, 50051
What are the prime factors of 6379019853?
3, 19, 111912629
List the prime factors of 114584225.
5, 7, 654767
List the prime factors of 1196346035.
5, 23, 173, 60133
What are the prime factors of 244158840?
2, 3, 5, 331, 683
What are the prime factors of 212861006?
2, 106430503
What are the prime factors of 1499462128?
2, 93716383
List the prime factors of 12300839.
127, 96857
List the prime factors of 208783178.
2, 109, 957721
List the prime factors of 37025720.
2, 5, 79, 11717
List the prime factors of 101037801.
3, 19, 1772593
What are the prime factors of 161795420?
2, 5, 223, 36277
List the prime factors of 112474496.
2, 293, 2999
What are the prime factors of 373115679?
3, 89, 1397437
What are the prime factors of 14597869?
11, 13, 31, 37, 89
List the prime factors of 308218890.
2, 3, 5, 7, 397, 3697
What are the prime factors of 37965628?
2, 151, 239, 263
What are the prime factors of 358081872?
2, 3, 7460039
What are the prime factors of 277022133?
3, 547, 18757
List the prime factors of 30145170.
2, 3, 5, 11, 167, 547
List the prime factors of 86080380.
2, 3, 5, 241, 5953
List the prime factors of 582466832.
2, 1279, 28463
List the prime factors of 682388986.
2, 97, 1571, 2239
List the prime factors of 297932305.
5, 11, 79, 191, 359
What are the prime factors of 1796512545?
3, 5, 39922501
List the prime factors of 187267248.
2, 3, 7, 61927
List the prime factors of 31899448.
2, 7, 71, 113
What are the prime factors of 403300350?
2, 3, 5, 17, 17573
List the prime factors of 430246816.
2, 73, 184181
What are the prime factors of 178513149?
3, 199, 299017
What are the prime factors of 124586258?
2, 1579, 39451
List the prime factors of 32915823.
3, 919, 11939
What are the prime factors of 622284312?
2, 3, 13, 1994501
List the prime factors of 57642650.
2, 5, 13, 88681
What are the prime factors of 67089737?
11, 13, 179, 2621
List the prime factors of 18147094.
2, 7, 37, 53, 661
List the prime factors of 2378583724.
2, 11, 193, 280097
What are the prime factors of 313985299?
313985299
List the prime factors of 82816539.
3, 13, 733, 2897
What are the prime factors of 507508624?
2, 7, 4531327
What are the prime factors of 29350692?
2, 3, 7, 116471
What are the prime factors of 134774958?
2, 3, 173, 129841
What are the prime factors of 272023899?
3, 7, 3307, 3917
What are the prime factors of 3483209209?
3483209209
What are the prime factors of 1028402806?
2, 101, 787, 6469
What are the prime factors of 1486711602?
2, 3, 857, 96377
What are the prime factors of 41088567?
3, 13, 601, 1753
List the prime factors of 32516537.
32516537
List the prime factors of 205336112.
2, 12833507
What are the prime factors of 373898258?
2, 23, 353401
What are the prime factors of 63645541?
63645541
List the prime factors of 4735438012.
2, 1183859503
List the prime factors of 117489305.
5, 23497861
What are the prime factors of 23901759?
3, 7, 83, 653
What are the prime factors of 1891939811?
1891939811
What are the prime factors of 52819952?
2, 17, 11423
List the prime factors of 23790133.
23790133
List the prime factors of 850728690.
2, 3, 5, 7, 64303
What are the prime factors of 2123838951?
3, 13, 17, 89, 35993
List the prime factors of 375124393.
7, 83, 179, 3607
List the prime factors of 3074583957.
3, 5441, 188359
What are the prime factors of 373239704?
2, 97, 480979
List the prime factors of 44405234.
2, 22202617
What are the prime factors of 3194852504?
2, 399356563
List the prime factors of 640985126.
2, 9677, 33119
List the prime factors of 8283855113.
8283855113
What are the prime factors of 826820426?
2, 37, 43, 197, 1319
What are the prime factors of 86398527?
3, 28799509
List the prime factors of 80195752.
2, 7, 13, 15737
What are the prime factors of 208849103?
208849103
List the prime factors of 410247744.
2, 3, 2136707
What are the prime factors of 488199193?
157, 3109549
List the prime factors of 85018123.
347, 491, 499
What are the prime factors of 126003554?
2, 19, 3315883
List the prime factors of 447444767.
7, 11, 41, 141731
What are the prime factors of 78085939?
8243, 9473
List the prime factors of 334149701.
37, 113,